{"id":78,"date":"2014-09-09T13:06:10","date_gmt":"2014-09-09T13:06:10","guid":{"rendered":"http:\/\/galileocom.at\/index_wp.php\/?page_id=78"},"modified":"2015-05-06T09:22:12","modified_gmt":"2015-05-06T09:22:12","slug":"vortraege-infotainment","status":"publish","type":"page","link":"https:\/\/galileocom.at\/index_wp.php\/vortraege-infotainment\/","title":{"rendered":"Vortr\u00e4ge &#038; Infotainment-Shows"},"content":{"rendered":"<div id=\"metaslider-id-89\" style=\"width: 100%; margin: 0 auto;\" class=\"ml-slider-3-40-0 metaslider metaslider-nivo metaslider-89 ml-slider ms-theme-default\" role=\"region\" aria-roledescription=\"Slideshow\" aria-label=\"Beitragsslider\">\n    <div id=\"metaslider_container_89\">\n        <div class='slider-wrapper theme-default'><div class='ribbon'><\/div><div id='metaslider_89' class='nivoSlider'><img src=\"https:\/\/galileocom.at\/wp-content\/uploads\/2014\/09\/Vortr\u00e4ge-721x225.png\" height=\"250\" width=\"800\" data-caption=\"Holen Sie sich den Vorsprung f&uuml;r Ihren Erfolg &quot;JA! - JETZT!&quot;\" alt=\"\" class=\"slider-89 slide-86\" \/><\/div><\/div>\n        \n    <\/div>\n<\/div>\n<p>&nbsp;<\/p>\n<p>Aktuell k\u00f6nnen Sie mich f\u00fcr Vortr\u00e4ge und Infotainment-Shows\u00a0zu folgenden Themen buchen &#8211; Ich freue mich auf Ihre Anfrage!<\/p>\n<p><strong>Schlagfertigkeit mit Charme \u2013 Wie Sie wirkungsvoll kontern, ohne zu verletzen \u00a0<\/strong><\/p>\n<ul>\n<li style=\"list-style-image: url('https:\/\/galileocom.at\/wp-content\/uploads\/2014\/09\/tick.png');\">Wie Sie in drei Schritten Ihr eigenes Schlagfertigkeits-Repertoire aufbauen<\/li>\n<li style=\"list-style-image: url('https:\/\/galileocom.at\/wp-content\/uploads\/2014\/09\/tick.png');\">Wie Sie Grenzen setzen, ohne zu verletzen<\/li>\n<li style=\"list-style-image: url('https:\/\/galileocom.at\/wp-content\/uploads\/2014\/09\/tick.png');\">Wie Sie die vier Hauptangriffskategorien identifizieren und mit Methode eliminieren<\/li>\n<\/ul>\n<p class=\"bodytext\"><a title=\"Schlagfertigkeit mit Charme\" href=\"https:\/\/galileocom.at\/index_wp.php\/schlagfertigkeit\/\"><i class=\"fa icon-info-sign\"><\/i>\u00a0Mehr Informationen<\/a><\/p>\n<hr \/>\n<p class=\"bodytext\"><strong>Erfolgs-Impulse\u00a0\u2013\u00a0Was Menschen erfolgreich macht<\/strong><\/p>\n<ul>\n<li style=\"list-style-image: url('https:\/\/galileocom.at\/wp-content\/uploads\/2014\/09\/tick.png');\">Wie 4 S\u00e4ulen Ihren Erfolg entscheidend tragen<\/li>\n<li style=\"list-style-image: url('https:\/\/galileocom.at\/wp-content\/uploads\/2014\/09\/tick.png');\">Wie 7 Erfolgs-Irrt\u00fcmer Sie gef\u00e4hrlich bremsen und Ihre Energie falsch kanalisieren<\/li>\n<li style=\"list-style-image: url('https:\/\/galileocom.at\/wp-content\/uploads\/2014\/09\/tick.png');\">Wie 7 untersch\u00e4tzte Joker Ihnen zu den besten Weggef\u00e4hrten werden<\/li>\n<li style=\"list-style-image: url('https:\/\/galileocom.at\/wp-content\/uploads\/2014\/09\/tick.png');\">Welche 3 Schritte zu Ihrer Destination f\u00fchren \u2013 Ihr Grundprinzip zur erfolgreichen Umsetzung<\/li>\n<\/ul>\n<p class=\"bodytext\"><a title=\"Erfolgsimpulse \u2013 Was Menschen erfolgreich macht\" href=\"https:\/\/galileocom.at\/index_wp.php\/erfolgsimpulse\/\"><i class=\"fa icon-info-sign\"><\/i>\u00a0Mehr Informationen<\/a><\/p>\n<hr \/>\n<p class=\"bodytext\"><strong>Herzliche Manipulation \u2013 So bekommen Sie, was Sie wollen<\/strong><\/p>\n<ul>\n<li style=\"list-style-image: url('https:\/\/galileocom.at\/wp-content\/uploads\/2014\/09\/tick.png');\">Wie Sie mit den neuesten Erkenntnissen der Wissenschaft Menschen herzlich \u00fcberzeugen und f\u00fcr Ihre Richtung gewinnen<\/li>\n<li style=\"list-style-image: url('https:\/\/galileocom.at\/wp-content\/uploads\/2014\/09\/tick.png');\">Wie Sie mit der Ampel-Technik Emotionen\u00a0 ausl\u00f6sen, optimale Entscheidungsvoraussetzungen schaffen und Ihre Erfolgsquote erh\u00f6hen<\/li>\n<li style=\"list-style-image: url('https:\/\/galileocom.at\/wp-content\/uploads\/2014\/09\/tick.png');\">Wie Sie mit sinnesspezifischen Sprach- und Metaprogrammen Sog statt Druck erzeugen und Ihr Ziel erreichen<\/li>\n<\/ul>\n<p class=\"bodytext\"><a title=\"Herzliche Manipulation\" href=\"https:\/\/galileocom.at\/index_wp.php\/herzliche-manipulation\/\"><i class=\"fa icon-info-sign\"><\/i>\u00a0Mehr Informationen<\/a><\/p>\n<hr \/>\n<p class=\"bodytext\"><strong>So werde ich \u201eunwiderstehlich\u201c<\/strong><\/p>\n<ul>\n<li style=\"list-style-image: url('https:\/\/galileocom.at\/wp-content\/uploads\/2014\/09\/tick.png');\">Wie Sie \u2013 \u201ewie auf Knopfdruck\u201c \u2013 Ihre Unwiderstehlichkeit bewusst gestalten<\/li>\n<li style=\"list-style-image: url('https:\/\/galileocom.at\/wp-content\/uploads\/2014\/09\/tick.png');\">Wie Sie Ihre sympathische Ausstrahlung\/Charisma einfach aktivieren<\/li>\n<li style=\"list-style-image: url('https:\/\/galileocom.at\/wp-content\/uploads\/2014\/09\/tick.png');\">Wie Sie Ihre Wirkung auf andere Menschen bewusst steuern und die richtigen Worte w\u00e4hlen<\/li>\n<li style=\"list-style-image: url('https:\/\/galileocom.at\/wp-content\/uploads\/2014\/09\/tick.png');\">Wie Sie die ,Magie der Unwiderstehlichkeit&#8216;\u00a0 entschl\u00fcsseln und damit (be-)zaubern<\/li>\n<\/ul>\n<p class=\"bodytext\"><a title=\"Unwiderstehlich\" href=\"https:\/\/galileocom.at\/index_wp.php\/unwiderstehlich\/\"><i class=\"fa icon-info-sign\"><\/i>\u00a0Mehr Informationen<\/a><\/p>\n<hr \/>\n<p class=\"bodytext\"><strong>Magic Flower \u2013 Ihr Elixier f\u00fcr Inspiration, Konzeption und Kommunikation<\/strong><\/p>\n<ul>\n<li style=\"list-style-image: url('https:\/\/galileocom.at\/wp-content\/uploads\/2014\/09\/tick.png');\">Wie Sie mit der Magic Flower-Formel komplexe Inhalte vereinfachen, souver\u00e4n strukturieren und kommunizieren<\/li>\n<li style=\"list-style-image: url('https:\/\/galileocom.at\/wp-content\/uploads\/2014\/09\/tick.png');\">Wie Sie mit der Magic Flower-Formel au\u00dfergew\u00f6hnliche Wege beschreiten und ungeahnte Kreativit\u00e4t aktivieren<\/li>\n<li style=\"list-style-image: url('https:\/\/galileocom.at\/wp-content\/uploads\/2014\/09\/tick.png');\">Wie Sie Ihre Rede in k\u00fcrzerer Zeit konzipieren als die Rede dauert!<\/li>\n<li style=\"list-style-image: url('https:\/\/galileocom.at\/wp-content\/uploads\/2014\/09\/tick.png');\">Wie Sie spannend und mit Esprit pr\u00e4sentieren!<\/li>\n<\/ul>\n<p class=\"bodytext\"><i class=\"fa icon-info-sign\"><\/i>\u00a0Mehr Informationen<\/p>\n<hr \/>\n<p><strong>Ihre Vorteile:<\/strong><\/p>\n<ul>\n<li style=\"list-style-image: url('https:\/\/galileocom.at\/wp-content\/uploads\/2014\/09\/tick.png');\">Erfahrung von \u00fcber 1800 Trainingstagen<\/li>\n<li style=\"list-style-image: url('https:\/\/galileocom.at\/wp-content\/uploads\/2014\/09\/tick.png');\">Am Puls der Zeit<\/li>\n<li style=\"list-style-image: url('https:\/\/galileocom.at\/wp-content\/uploads\/2014\/09\/tick.png');\">Starker Praxis-Bezug<\/li>\n<li style=\"list-style-image: url('https:\/\/galileocom.at\/wp-content\/uploads\/2014\/09\/tick.png');\">Bewusstes Augenmerk auf Nachhaltigkeit<\/li>\n<li style=\"list-style-image: url('https:\/\/galileocom.at\/wp-content\/uploads\/2014\/09\/tick.png');\">Hoher Motivationsfaktor<\/li>\n<\/ul>\n","protected":false},"excerpt":{"rendered":"<p>&nbsp; Aktuell k\u00f6nnen Sie mich f\u00fcr Vortr\u00e4ge und Infotainment-Shows\u00a0zu folgenden Themen buchen &#8211; Ich freue mich auf Ihre Anfrage! Schlagfertigkeit mit Charme \u2013 Wie Sie wirkungsvoll kontern, ohne zu verletzen \u00a0 Wie Sie in&#46;&#46;&#46;<\/p>\n","protected":false},"author":2,"featured_media":0,"parent":0,"menu_order":0,"comment_status":"open","ping_status":"open","template":"","meta":{"footnotes":""},"_links":{"self":[{"href":"https:\/\/galileocom.at\/index_wp.php\/wp-json\/wp\/v2\/pages\/78"}],"collection":[{"href":"https:\/\/galileocom.at\/index_wp.php\/wp-json\/wp\/v2\/pages"}],"about":[{"href":"https:\/\/galileocom.at\/index_wp.php\/wp-json\/wp\/v2\/types\/page"}],"author":[{"embeddable":true,"href":"https:\/\/galileocom.at\/index_wp.php\/wp-json\/wp\/v2\/users\/2"}],"replies":[{"embeddable":true,"href":"https:\/\/galileocom.at\/index_wp.php\/wp-json\/wp\/v2\/comments?post=78"}],"version-history":[{"count":47,"href":"https:\/\/galileocom.at\/index_wp.php\/wp-json\/wp\/v2\/pages\/78\/revisions"}],"predecessor-version":[{"id":787,"href":"https:\/\/galileocom.at\/index_wp.php\/wp-json\/wp\/v2\/pages\/78\/revisions\/787"}],"wp:attachment":[{"href":"https:\/\/galileocom.at\/index_wp.php\/wp-json\/wp\/v2\/media?parent=78"}],"curies":[{"name":"wp","href":"https:\/\/api.w.org\/{rel}","templated":true}]}}