{"id":475,"date":"2014-12-11T13:13:58","date_gmt":"2014-12-11T13:13:58","guid":{"rendered":"http:\/\/galileocom.at\/index_wp.php\/?page_id=475"},"modified":"2015-05-06T08:57:12","modified_gmt":"2015-05-06T08:57:12","slug":"trainer-team","status":"publish","type":"page","link":"https:\/\/galileocom.at\/index_wp.php\/trainer-team\/","title":{"rendered":"Trainer-Team"},"content":{"rendered":"<div id=\"id-cmt-wrapper\" class=\"cmt-wrapper mobile\">\r\n\t\t<div class=\"cmt-members\">\r\n\t\t<div class=\"col-one-fourth\"><a href=\"https:\/\/galileocom.at\/index_wp.php\/team-members-profile\/#Andrea-Fritz-MSc\"><img width=\"296\" height=\"296\" src=\"https:\/\/galileocom.at\/wp-content\/uploads\/2014\/09\/andreafritz-e14234165961121.jpg\" class=\"attachment-full size-full wp-post-image\" alt=\"\" decoding=\"async\" srcset=\"https:\/\/galileocom.at\/wp-content\/uploads\/2014\/09\/andreafritz-e14234165961121.jpg 296w, https:\/\/galileocom.at\/wp-content\/uploads\/2014\/09\/andreafritz-e14234165961121-150x150.jpg 150w, https:\/\/galileocom.at\/wp-content\/uploads\/2014\/09\/andreafritz-e14234165961121-160x160.jpg 160w, https:\/\/galileocom.at\/wp-content\/uploads\/2014\/09\/andreafritz-e14234165961121-320x320.jpg 320w\" sizes=\"(max-width: 296px) 100vw, 296px\" \/><\/a><a href=\"https:\/\/galileocom.at\/index_wp.php\/team-members-profile\/#Andrea-Fritz-MSc\"><h4 class=\"cmt-name\">Andrea Fritz MSc<\/h4><\/a>\r\n\t\t\t\t<p><strong><em>Trainerin<\/em><\/strong><\/p><p>Schwerpunkte:\r\n<ul><li>Gesundheit <\/li><li>Burn Out Pr\u00e4vention<\/li>\r\n<li>Work Life Balance<\/li><\/ul><\/p><a class=\"cmt-full-profile\" href=\"https:\/\/galileocom.at\/index_wp.php\/team-members-profile\/#Andrea-Fritz-MSc\">Full Profile ...<\/a><\/div>\r\n\t\t<div class=\"col-one-fourth\"><a href=\"https:\/\/galileocom.at\/index_wp.php\/team-members-profile\/#Erich-Buchinger\"><img width=\"1926\" height=\"1926\" src=\"https:\/\/galileocom.at\/wp-content\/uploads\/2014\/12\/Erich.jpg\" class=\"attachment-full size-full wp-post-image\" alt=\"\" decoding=\"async\" srcset=\"https:\/\/galileocom.at\/wp-content\/uploads\/2014\/12\/Erich.jpg 1926w, https:\/\/galileocom.at\/wp-content\/uploads\/2014\/12\/Erich-150x150.jpg 150w, https:\/\/galileocom.at\/wp-content\/uploads\/2014\/12\/Erich-300x300.jpg 300w, https:\/\/galileocom.at\/wp-content\/uploads\/2014\/12\/Erich-1024x1024.jpg 1024w, https:\/\/galileocom.at\/wp-content\/uploads\/2014\/12\/Erich-160x160.jpg 160w\" sizes=\"(max-width: 1926px) 100vw, 1926px\" \/><\/a><a href=\"https:\/\/galileocom.at\/index_wp.php\/team-members-profile\/#Erich-Buchinger\"><h4 class=\"cmt-name\">Erich Buchinger<\/h4><\/a>\r\n\t\t\t\t<p><strong><em>Trainer, Coach<\/em><\/strong><\/p><p>Schwerpunkte:\r\n<ul><li>Recruiting<\/li><li>Bewerbung<\/li><li>PE & OE<\/li>\r\n<\/ul><\/p><a class=\"cmt-full-profile\" href=\"https:\/\/galileocom.at\/index_wp.php\/team-members-profile\/#Erich-Buchinger\">Full Profile ...<\/a><\/div>\r\n\t\t<div class=\"col-one-fourth clearPad lastCol\"><a href=\"https:\/\/galileocom.at\/index_wp.php\/team-members-profile\/#Peter-Halvax\"><img width=\"450\" height=\"450\" src=\"https:\/\/galileocom.at\/wp-content\/uploads\/2014\/12\/Foto_Nummer_853995.jpg\" class=\"attachment-full size-full wp-post-image\" alt=\"\" decoding=\"async\" srcset=\"https:\/\/galileocom.at\/wp-content\/uploads\/2014\/12\/Foto_Nummer_853995.jpg 450w, https:\/\/galileocom.at\/wp-content\/uploads\/2014\/12\/Foto_Nummer_853995-150x150.jpg 150w, https:\/\/galileocom.at\/wp-content\/uploads\/2014\/12\/Foto_Nummer_853995-300x300.jpg 300w, https:\/\/galileocom.at\/wp-content\/uploads\/2014\/12\/Foto_Nummer_853995-160x160.jpg 160w\" sizes=\"(max-width: 450px) 100vw, 450px\" \/><\/a><a href=\"https:\/\/galileocom.at\/index_wp.php\/team-members-profile\/#Peter-Halvax\"><h4 class=\"cmt-name\">Peter Halvax<\/h4><\/a>\r\n\t\t\t\t<p><strong><em>Trainer, Inhaber<\/em><\/strong><\/p><p>Schwerpunkte:\r\n<ul><li>Verkauf<\/li><li>Kundenbindung<\/li>\r\n<li>Train the Trainer<\/li><\/ul><\/p><a class=\"cmt-full-profile\" href=\"https:\/\/galileocom.at\/index_wp.php\/team-members-profile\/#Peter-Halvax\">Full Profile ...<\/a><\/div><div class=\"clear\"><\/div><\/div>\r\n\t<\/div>\n<hr \/>\n<p style=\"text-align: justify;\">Wie schon Galileo einst, sind wir offen f\u00fcr neue Erkenntnisse und bereit, neue Wege zu gehen. Kommunikation, als Disziplin im Wandel der Zeit, braucht ihre <strong>bestm\u00f6gliche Anpassung<\/strong> an den Menschen, die Situation und das Umfeld. Dieser Dialog nach aussen basiert auf den eigenen Werten, Erfahrungen, Glaubenss\u00e4tzen und dem inneren Dialog.<br \/>\nWir unterst\u00fctzen Menschen dabei, neue, erfolgreiche Wege f\u00fcr sich zu entdecken, um die <strong>eigenen Ziele zu verwirklichen<\/strong>. Leichtigkeit und Freude sind hierbei die Schl\u00fcssel, so wie kommunikative Kreativit\u00e4t.<\/p>\n<p style=\"text-align: justify;\">Warum nicht von den vielen &#8222;Wegen nach Rom&#8220; denjenigen w\u00e4hlen, der mich einfacher und mit Spa\u00df und Freude ans Ziel f\u00fchrt? W\u00e4hlen Sie <strong>Training, Coaching<\/strong> oder genie\u00dfen Sie einfach eine unserer <strong>Infotainment-Shows.<\/strong><\/p>\n","protected":false},"excerpt":{"rendered":"<p>Wie schon Galileo einst, sind wir offen f\u00fcr neue Erkenntnisse und bereit, neue Wege zu gehen. Kommunikation, als Disziplin im Wandel der Zeit, braucht ihre bestm\u00f6gliche Anpassung an den Menschen, die Situation und das&#46;&#46;&#46;<\/p>\n","protected":false},"author":2,"featured_media":0,"parent":0,"menu_order":0,"comment_status":"open","ping_status":"open","template":"","meta":{"footnotes":""},"_links":{"self":[{"href":"https:\/\/galileocom.at\/index_wp.php\/wp-json\/wp\/v2\/pages\/475"}],"collection":[{"href":"https:\/\/galileocom.at\/index_wp.php\/wp-json\/wp\/v2\/pages"}],"about":[{"href":"https:\/\/galileocom.at\/index_wp.php\/wp-json\/wp\/v2\/types\/page"}],"author":[{"embeddable":true,"href":"https:\/\/galileocom.at\/index_wp.php\/wp-json\/wp\/v2\/users\/2"}],"replies":[{"embeddable":true,"href":"https:\/\/galileocom.at\/index_wp.php\/wp-json\/wp\/v2\/comments?post=475"}],"version-history":[{"count":20,"href":"https:\/\/galileocom.at\/index_wp.php\/wp-json\/wp\/v2\/pages\/475\/revisions"}],"predecessor-version":[{"id":705,"href":"https:\/\/galileocom.at\/index_wp.php\/wp-json\/wp\/v2\/pages\/475\/revisions\/705"}],"wp:attachment":[{"href":"https:\/\/galileocom.at\/index_wp.php\/wp-json\/wp\/v2\/media?parent=475"}],"curies":[{"name":"wp","href":"https:\/\/api.w.org\/{rel}","templated":true}]}}